be w(13). Let z be (64/6)/(((-6)/r)/(-36)). Calculate the highest common divisor of z and 4.
4
Suppose 0 = -5*o + 5*c + 370, o + 4*o + 4*c - 352 = 0. Let h = -203 + 144. Let r = -5 - h. What is the greatest common factor of r and o?
18
Suppose -4267*g + 4275*g - 23256 = 0. What is the greatest common divisor of g and 57?
57
Let d = 6843 - 6715. Suppose -17 = -i - 1. What is the highest common factor of i and d?
16
Suppose -4*t + 66 = -14. Let n be (105/2)/((-34)/(-544)). What is the highest common divisor of t and n?
20
Let f be ((-1068)/(-7387))/6 - 110388/(-83). Let c = 51 + 19. What is the greatest common divisor of c and f?
70
Suppose 32 = 3*w + 2. Suppose 24 + 32 = 8*f. Let r be (12/f)/((-5)/(175/(-10))). Calculate the greatest common factor of r and w.
2
Let j = -2597 + 2669. Let g(a) = -a**3 - 12*a**2 - 11*a - 6. Let b be g(-11). Let x be b/(0 - 2) + 21. Calculate the greatest common factor of j and x.
24
Let a be 7/(-1) - (-6 - -158)*-14. What is the greatest common factor of 63 and a?
21
Suppose -3*k = 3*i - 57, -k = 2*k + 4*i - 56. Let z be ((3/(-6))/((-2)/944))/(-1). Let w = 240 + z. What is the greatest common divisor of w and k?
4
Let h be 156/9*(-330)/(-110). What is the highest common factor of h and 2444?
52
Let b(n) = n + 35. Let x be b(0). Suppose -1 = -f, -2*r + x = -3*f - 2*f. Calculate the greatest common factor of 8 and r.
4
Suppose 1561 = 60*r - 1799. Calculate the greatest common divisor of r and 91.
7
Suppose 653*d = 703*d - 26100. What is the greatest common divisor of 36 and d?
18
Suppose 0 = -9*h + 4*h + 435. Suppose 119 = 30*i - 61. Let w be (-16)/i*3219/(-148). Calculate the greatest common factor of w and h.
29
Let k = -7851 + 16893. What is the highest common factor of k and 66?
66
Suppose -5*f + 1825 = 4*c, -5*f = 5*c - 1867 - 413. Let k(j) = -40*j**3 + j**2 + 1. Let a be k(-2). What is the greatest common factor of c and a?
65
Let f be 0/(-1) - -1 - -30. Let a = 347 - 329. Let p be (-25)/((-75)/a) - -273. What is the highest common factor of p and f?
31
Let r(f) = -5*f**3 - 5*f**2 - 4*f + 2. Let k be r(-4). Suppose 38 - 4 = u + 4*h, -3*h = -21. Calculate the greatest common factor of k and u.
6
Let v = 1493 + -1023. Suppose -10*m - v = -0*m. Let c = -39 - m. What is the highest common divisor of c and 12?
4
Suppose 58*a - 5185 = -1009. Calculate the highest common divisor of 5868 and a.
36
Suppose 426 + 194 = 5*b. Suppose -140 = -4*s + b. Let q(k) = k + 1. Let v be q(5). What is the greatest common divisor of v and s?
6
Let c(a) = -a**3 - 22*a**2 - 31*a - 136. Suppose 2*l - 4*o - 12 = -50, -l = -4*o + 17. Let w be c(l). What is the greatest common factor of w and 222?
74
Suppose 392 = -2*c - 242. Let k = c + 333. Calculate the greatest common divisor of k and 256.
16
Let p be (-35984)/104*188/(-8). What is the highest common factor of p and 346?
173
Suppose -187*a + 192*a - 230 = 0. Calculate the greatest common divisor of a and 14.
2
Suppose 0 = q - 0*q - 221. Suppose 0 = -3*b + 5*j - 3*j + 1213, -5*j = b - 393. Let y = b - q. What is the highest common divisor of y and 26?
26
Let a(t) = -66*t**2 + 1067*t - 104. Let h be a(16). Let u(v) = -v**3 - 3*v**2 + 2*v. Let c be u(-6). What is the highest common factor of h and c?
24
Suppose 8*q + 168 - 200 = 0. Let v(x) = x**3 - 3*x**2 + 7*x - 6. Let f be v(4). Let o be f/12 + (-16)/96. Calculate the highest common factor of o and q.
1
Suppose -k = -4*p + 38, 3*p + 4*k - 16 = 3. Let x be -22*(-3 - p/2). Suppose 0 = 6*o - 62 - 136. What is the greatest common factor of x and o?
33
Let p = -5389 + 6999. What is the highest common divisor of 140 and p?
70
Let x(h) = -48*h - 387. Let c be x(-15). Suppose -189 + c = 9*l. Let u = 19 + -3. What is the greatest common divisor of l and u?
16
Suppose 0 = -2*u + 319 - 43. Suppose -q = 2*x + q - u, 2*x + 5*q = 153. Calculate the highest common divisor of 8 and x.
8
Suppose -188 = -4*t - 3*z, -60 = -t - z - 3*z. Let i be 6 - (168 + 2)/(-40 + 39). Calculate the highest common factor of i and t.
44
Let i(h) = -134*h - 2. Let y be i(-1). Let c = -1524 - -1528. What is the highest common divisor of y and c?
4
Suppose -182 + 1917 = 5*g - 5*l, -5*g + 1742 = 2*l. Calculate the greatest common divisor of g and 216.
12
Suppose 0 = 2*g - 450 - 180. Let i = -259005 - -259131. What is the greatest common divisor of g and i?
63
Suppose -2*g - 28*d + 24*d + 3916 = 0, -5*g - 4*d = -9766. What is the greatest common factor of 338 and g?
26
Suppose 22*c - 316 + 7414 = 36*c. What is the greatest common divisor of 78 and c?
39
Let z(w) = w**3 + 62*w**2 - 8*w - 152. Let b be z(-62). Calculate the highest common factor of 1634 and b.
86
Let w(g) = -11 + 4*g**2 - 5*g**2 + 5*g**2 + 15*g - 13*g. Let c be w(-3). What is the highest common divisor of c and 19?
19
Let j be 3/2*(-68)/(-6). Let h(y) = 17*y**3 - 98*y**2 - 17*y + 26. Let l be h(6). What is the highest common factor of j and l?
17
Let d = -31 - -148. What is the highest common factor of 312 and d?
39
Let k = 4395 + 5557. Calculate the highest common factor of k and 96.
32
Let q = 13647 + -13566. Calculate the greatest common factor of q and 44064.
81
Suppose -5 = -5*a, -4*f + 2*f + a + 113 = 0. What is the highest common divisor of 3 and f?
3
Suppose 5*v + 23120 = 175*v. Calculate the greatest common divisor of 88 and v.
8
Suppose 1257 = 3*z + 1233. Let o = 359 + -207. Calculate the highest common factor of o and z.
8
Let g be (21/(-12) + 3)/(13/468). Let i = 378 + -273. What is the greatest common divisor of g and i?
15
Suppose -5*o - 4099 = -3*b, 452*b - 5470 = 448*b + 2*o. What is the highest common divisor of b and 144?
72
Suppose 0 = -8*d - 36 - 28. Let t be (24/30)/(d/(-4060)). What is the highest common factor of t and 58?
58
Suppose 0 = 2*x - 4*k - 422, -x - 4*x + 935 = 5*k. Calculate the highest common factor of x and 945.
15
Suppose 27*f - 3441 = -13053. Let w = f + 436. Calculate the greatest common divisor of 100 and w.
20
Let y(i) = -1802*i - 776. Let f be y(-4). Calculate the highest common factor of 80 and f.
16
Let j(r) = 2*r**2 + 8*r + 5. Let s be j(-5). What is the highest common divisor of s and 3495?
15
Let r = -14 - -34. Suppose -45 = -8*b + 11*b. Let j be (3/b - 9/5)*-5. What is the highest common divisor of r and j?
10
Suppose -3*l + 3*f + 552 = l, -5*f = -3*l + 425. What is the highest common factor of 52515 and l?
135
Suppose -4*k + 29 = 5*g, 0*k - 5*g = 5*k - 30. Let f = 4 - k. Let m be 48/((-160)/(-20)) - -21. What is the greatest common divisor of f and m?
3
Suppose 77*t - 36*t - 646 = 24*t. Calculate the greatest common divisor of t and 5776.
38
Suppose -16 = -3*k + 4*l, 0 = 5*k - 170*l + 165*l - 30. Calculate the greatest common divisor of k and 11272.
8
Suppose 0 = 2*w, -h - w - 2 = -5. Suppose -h*s + a = -321, 0*a + 3*a = 4*s - 433. Suppose -5*f = s - 626. What is the greatest common divisor of f and 156?
52
Suppose 96 = 2*v + 2*r, 67 = 2*v - r - 20. Calculate the greatest common factor of 2325 and v.
15
Let k(o) = 24*o**2 - 40*o + 286. Let i be k(0). What is the highest common divisor of i and 104?
26
Suppose 111 - 119 = -4*c, -2*b + 2*c + 26784 = 0. Calculate the greatest common factor of 74 and b.
74
Let h = 72 + -57. Suppose 3*g + 3*s - 6 = 0, 4*g - 2*s - 21 = g. What is the greatest common factor of h and g?
5
Let x be (6/30)/(4/26060) + (-3)/1. Calculate the greatest common divisor of x and 850.
50
Let s(m) = -300*m + 1843. Let f be s(6). Calculate the greatest common divisor of f and 4429.
43
Let m(d) = -d**2 - 31*d + 64. Let f be m(-29). Suppose 7*y = 466 + f. Calculate the highest common factor of 7 and y.
7
Suppose -498 = -2*t + 3*u, t - 4*t = u - 758. Suppose 3*h = -2*b + 50, -2*b = -h - 5 + 27. What is the greatest common divisor of h and t?
18
Let y(o) = -o**2 - 12*o + 264. Let t be y(-22). Calculate the highest common divisor of 1188 and t.
44
Suppose 13*v + 26*v + 10*v = 1225. Calculate the greatest common factor of 1865 and v.
5
Let w(o) = -o**2 + 21*o - 24. Let y be w(14). Suppose y = -5*n + 214. Calculate the greatest common factor of n and 21.
7
Suppose -2*d = -26 - 214. Suppose 0 = 3*m + 5*b - 113, 0 = -2*m + b - 49 + d. Suppose -6*p + 5*p + 90 = 0. Calculate the greatest common divisor of p and m.
18
Suppose 4*k - 2*f + 16 = 2*f, k = -4*f